tors of 5083782.
2, 3, 11, 17, 23, 197
List the prime factors of 2646101.
17, 155653
List the prime factors of 8047762.
2, 4023881
List the prime factors of 122428.
2, 127, 241
List the prime factors of 3308517.
3, 367613
What are the prime factors of 176165?
5, 11, 3203
List the prime factors of 5688059.
13, 437543
List the prime factors of 2370532.
2, 109, 5437
What are the prime factors of 4793764?
2, 73, 16417
What are the prime factors of 1054710?
2, 3, 5, 11719
List the prime factors of 10202351.
10202351
List the prime factors of 999681.
3, 333227
What are the prime factors of 1868529?
3, 13, 47911
List the prime factors of 6179002.
2, 3089501
List the prime factors of 588292.
2, 147073
List the prime factors of 423133.
423133
What are the prime factors of 3027978?
2, 3, 149, 1129
List the prime factors of 11633610.
2, 3, 5, 17, 22811
What are the prime factors of 23582244?
2, 3, 7, 53, 5297
List the prime factors of 128706.
2, 3, 19, 1129
List the prime factors of 2640914.
2, 29, 45533
What are the prime factors of 13589662?
2, 307, 22133
What are the prime factors of 13763276?
2, 3440819
What are the prime factors of 672641?
672641
What are the prime factors of 379844?
2, 94961
What are the prime factors of 1498914?
2, 3, 83273
List the prime factors of 4533646.
2, 13, 127, 1373
List the prime factors of 602084.
2, 7, 21503
What are the prime factors of 5569705?
5, 1113941
What are the prime factors of 756565?
5, 337, 449
List the prime factors of 368009.
379, 971
List the prime factors of 421891.
421891
List the prime factors of 864533.
864533
What are the prime factors of 9369211?
23, 407357
List the prime factors of 3817567.
13, 293659
What are the prime factors of 845815?
5, 139, 1217
List the prime factors of 124924.
2, 31231
What are the prime factors of 281481?
3, 93827
List the prime factors of 8165232.
2, 3, 41, 461
List the prime factors of 38059079.
2671, 14249
What are the prime factors of 606968?
2, 17, 4463
What are the prime factors of 828600?
2, 3, 5, 1381
List the prime factors of 208031.
19, 10949
What are the prime factors of 15264365?
5, 3052873
List the prime factors of 891061.
891061
What are the prime factors of 305589?
3, 101863
What are the prime factors of 5744503?
23, 379, 659
What are the prime factors of 1896362?
2, 13, 72937
What are the prime factors of 174043?
269, 647
List the prime factors of 15449517.
3, 1716613
List the prime factors of 647723.
647723
List the prime factors of 2735758.
2, 23, 59473
List the prime factors of 75875.
5, 607
What are the prime factors of 24359317?
17, 211, 6791
What are the prime factors of 2148665?
5, 429733
What are the prime factors of 1801699?
227, 7937
List the prime factors of 12015260.
2, 5, 17, 35339
List the prime factors of 298972.
2, 41, 1823
What are the prime factors of 12549?
3, 47, 89
List the prime factors of 116866.
2, 71, 823
List the prime factors of 107891.
7, 15413
What are the prime factors of 10683391?
10683391
What are the prime factors of 1218089?
1218089
What are the prime factors of 27395654?
2, 11, 13, 95789
List the prime factors of 6826808.
2, 661, 1291
What are the prime factors of 642846?
2, 3, 19, 5639
What are the prime factors of 21730778?
2, 10865389
What are the prime factors of 1120890?
2, 3, 5, 37363
What are the prime factors of 4319876?
2, 11, 98179
What are the prime factors of 9674603?
29, 449, 743
What are the prime factors of 1988852?
2, 47, 71, 149
What are the prime factors of 16095905?
5, 7, 459883
What are the prime factors of 346969?
7, 73, 97
List the prime factors of 1824068.
2, 593, 769
List the prime factors of 455076.
2, 3, 12641
List the prime factors of 6339346.
2, 13, 157, 1553
What are the prime factors of 648645?
3, 5, 83, 521
List the prime factors of 248482.
2, 13, 19, 503
List the prime factors of 671669.
19, 23, 29, 53
List the prime factors of 149966.
2, 167, 449
What are the prime factors of 5789822?
2, 2894911
What are the prime factors of 3666496?
2, 59, 971
What are the prime factors of 450787?
450787
What are the prime factors of 1839308?
2, 73, 6299
List the prime factors of 325836.
2, 3, 7, 431
What are the prime factors of 150241?
7, 13, 127
List the prime factors of 12127064.
2, 887, 1709
What are the prime factors of 1242652?
2, 310663
List the prime factors of 22099932.
2, 3, 17, 12037
What are the prime factors of 608010?
2, 3, 5, 13, 1559
List the prime factors of 2645458.
2, 227, 5827
List the prime factors of 306479.
306479
List the prime factors of 556096.
2, 8689
List the prime factors of 215373.
3, 17, 41, 103
What are the prime factors of 675128?
2, 84391
What are the prime factors of 2127199?
137, 15527
What are the prime factors of 350843?
350843
What are the prime factors of 677745?
3, 5, 15061
What are the prime factors of 14530826?
2, 67, 108439
What are the prime factors of 151887?
3, 197, 257
List the prime factors of 216290.
2, 5, 43, 503
What are the prime factors of 31935696?
2, 3, 13, 61, 839
List the prime factors of 1510594.
2, 23, 32839
List the prime factors of 23595096.
2, 3, 7, 29, 167
What are the prime factors of 16874855?
5, 113, 29867
What are the prime factors of 1158617?
1158617
What are the prime factors of 447621?
3, 19, 7853
What are the prime factors of 160289?
89, 1801
What are the prime factors of 325137?
3, 108379
What are the prime factors of 628257?
3, 7, 29917
What are the prime factors of 22433626?
2, 11216813
What are the prime factors of 21641638?
2, 10820819
What are the prime factors of 33798380?
2, 5, 7, 11, 17, 1291
What are the prime factors of 4612156?
2, 97, 11887
What are the prime factors of 205248?
2, 3, 1069
List the prime factors of 8067432.
2, 3, 336143
List the prime factors of 4187271.
3, 11, 223, 569
What are the prime factors of 8010586?
2, 31, 47, 2749
List the prime factors of 1272093.
3, 17, 24943
List the prime factors of 632055.
3, 5, 29, 1453
What are the prime factors of 168581?
7, 24083
What are the prime factors of 576086?
2, 7, 41149
What are the prime factors of 9857220?
2, 3, 5, 41, 4007
List the prime factors of 586341.
3, 7, 41, 227
What are the prime factors of 14756759?
14756759
What are the prime factors of 56209?
56209
What are the prime factors of 53966?
2, 11, 223
List the prime factors of 402757.
402757
List the prime factors of 56955.
3, 5, 3797
What are the prime factors of 176072?
2, 13, 1693
What are the prime factors of 60281?
13, 4637
List the prime factors of 615236.
2, 37, 4157
List the prime factors of 1465643.
1465643
List the prime factors of 11231112.
2, 3, 467963
What are the prime factors of 255335?
5, 223, 229
What are the prime factors of 66059?
7, 9437
What are the prime factors of 402102?
2, 3, 89, 251
What are the prime factors of 9413262?
2, 3, 522959
What are the prime factors of 3369911?
331, 10181
List the prime factors of 813974.
2, 7, 53, 1097
List the prime factors of 1102686.
2, 3, 13, 67, 211
What are the prime factors of 22867379?
1019, 22441
List the prime factors of 83456.
2, 163
What are the prime factors of 12570267?
3, 19, 83, 2657
What are the prime factors of 5172458?
2, 509, 5081
What are the prime factors of 3325730?
2, 5, 332573
List the prime factors of 1813135.
5, 17, 83, 257
List the prime factors of 4011572.
2, 1002893
What are the prime factors of 4201959?
3, 1400653
What are the prime factors of 4275130?
2, 5, 427513
What are the prime factors of 3312155?
5, 7, 11, 1229
List the prime factors of 1022003.
307, 3329
What are the prime factors of 17020?
2, 5, 23, 37
List the prime factors of 80607.
3, 97, 277
What are the prime factors of 5622107?
5622107
What are the prime factors of 191305?
5, 38261
List the prime factors of 533598.
2, 3, 13, 6841
List the prime factors of 949197.
3, 107, 2957
What are the prime factors of 946598?
2, 61, 7759
What are the prime factors of 449986?
2, 224993
What are the prime factors of 524442?
2, 3, 87407
List the prime factors of 1382339.
7, 28211
List the prime factors of 247497.
3, 82499
List the prime factors of 1600063.
359, 4457
What are the prime factors of 864485?
5, 41, 4217
List the prime factors of 1311247.
7, 19, 9859
List the prime factors of 868613.
868613
List the prime factors of 3781269.
3, 23, 6089
List the prime fa